e ((-5)/2)/((-2)/4). Determine j(p).
-5
Let f(j) be the second derivative of 0 + 5/6*j**3 - 1/12*j**4 - 3*j**2 - j. Let m be -1*3 - (6 + -14). What is f(m)?
-6
Let p = 10 + -6. Let h(c) = 0*c**3 + 0*c**3 + p + 2*c**2 - 3*c + c**3. Let k = 42 + -45. Calculate h(k).
4
Suppose 4*q + 25 = -q. Suppose 0 = -2*d - 2*d + 8. Let c(z) = 2*z + d*z - 3*z + 6. Calculate c(q).
1
Let c(b) be the third derivative of b**4/24 - 2*b**3/3 + 4*b**2. Let q be c(-8). Let w = -9 - q. Let y(p) = -p**3 + 2*p**2 + 2. Calculate y(w).
-7
Let c(b) = 5*b - 1 - b**2 - 1 + 4 + 2*b**2. Let h(f) = -f**2 + 5*f + 8. Let g be h(7). Give c(g).
8
Suppose -2*t + l = 11, 2*t + 9 = -0*t - l. Let q(z) = -z**3 - 5*z**2 - 2*z - 5. Determine q(t).
5
Let s(f) = -2*f**2 - 4*f - 3. Let u(n) = -3*n**2 + 17*n + 4. Let x be u(6). What is s(x)?
-3
Suppose -8*y + 7 + 1 = 0. Let h(x) = x**3 - x**2 + 1. What is h(y)?
1
Let v be (2 - 4)*(-1)/(-2). Let l(o) = -o + 6. Let a be l(5). Let r = a - v. Let u(j) = -j**3 + 2*j**2 - 2*j + 2. What is u(r)?
-2
Let m(k) be the third derivative of 1/24*k**4 + 0 + 0*k + 4*k**2 - 1/60*k**5 + k**3. Determine m(0).
6
Let p(w) = 1. Let y(v) = v**2 - 7*v + 2. Let l(m) = -4*p(m) - y(m). Suppose 3*z = -z + 16. Determine l(z).
6
Let v(o) = -5 + 7 - 5*o - 2. Determine v(1).
-5
Let b(z) be the second derivative of z**3/2 - 3*z**2/2 + 24*z. Suppose 68 = -2*h + 6*h. Suppose 5*n - h = 2*d - 0, -9 = -2*n + 3*d. Determine b(n).
6
Suppose -3*g + 48 = -0*g. Let k = g - 22. Let u(v) = -v**3 - 7*v**2 - 4*v + 7. Give u(k).
-5
Suppose 4*c - 4 = 36. Suppose 6*z = z + c. Let f(h) = 3*h**z - 2*h**3 - 3*h + h**3 + 2*h**3 - 3. What is f(-3)?
6
Let h(i) = 11*i**3 - i - 5*i**3 - i**2 + i**3. Calculate h(-1).
-7
Let l be (-4)/(-10) - (-4)/(-10). Let g(w) be the first derivative of -w**3/3 + w**2/2 + 5*w + 22. Give g(l).
5
Let m(f) = f - f - f - 4. Let v(u) = -2*u**3 - 39*u**2 - 20*u - 22. Let w be v(-19). Determine m(w).
-1
Let h(q) be the first derivative of q**4/4 - q**2/2 + 13*q - 1. Give h(0).
13
Suppose 2*r = -3*r + 45. Let m(w) = -w**3 + 10*w**2 - 8*w - 4. Calculate m(r).
5
Let k(x) = 3*x**3 + 2*x**2 - x. Let h be k(1). Let p be h/14 - 19/(-7). Suppose p = -4*l + 11. Let s(v) = -v + 4. Calculate s(l).
2
Suppose -4*q + 8*q - 216 = 0. Let y(g) = 28 - q + 2*g - g**2 + 29. What is y(3)?
0
Let a be -5 + 0 + -1 + 0. Let d(g) = -g**2 - 5*g. Give d(a).
-6
Let k(h) be the second derivative of h**4/24 + 5*h**3/6 - 3*h**2/2 + h. Let v(m) be the first derivative of k(m). Determine v(-5).
0
Suppose -b = 3*u + 14 - 2, -4*b = -3*u + 48. Let s be b/(-16) + (-33)/12. Let w(x) = x**3 + x**2 - 2*x. Determine w(s).
0
Let g(v) = -v**3 - 9*v**2 + 5*v + 4. Let c(r) = 3*r**3 + 26*r**2 - 16*r - 12. Let f(b) = 3*c(b) + 8*g(b). What is f(-7)?
3
Let q(d) = -2 - 3*d - 2 + 2*d. Calculate q(-2).
-2
Let s(l) = -2*l + 4. Let q(x) = -3*x + 8. Let r(a) = 3*q(a) - 5*s(a). What is r(0)?
4
Let f(d) be the second derivative of d**4/12 + 2*d**3/3 + d**2/2 - d. Let a be -1 - 0 - (-1 + -3). Let k be a/(1 - (1 + 1)). Give f(k).
-2
Let q(w) = w**3 - 3*w**2 - w + 1. Let r be (-1)/(1 + 15/(-12)). Calculate q(r).
13
Let w = -4 - -3. Let r be (-2 - -1)*(-5 - w). Let a(y) = -2*y**2 - y**3 - r*y**2 - 6*y + 0*y**2. What is a(-5)?
5
Let j(n) = n**3 - n**2 - 1. Let q(r) = -6*r**3 + 2*r**2 - 3*r + 2. Let u(y) = -5*j(y) - q(y). Calculate u(-3).
-6
Suppose -4*c + 2*m - 10 = 0, -5*m + 0*m = c - 25. Let s(k) = -32 + k + 16 + 13. Determine s(c).
-3
Let j(x) = 6*x. Let y(v) = v. Let z(i) = -6*i. Let l(o) = -12*y(o) - z(o). Let a be 3 - (-2 - (-4 + 3)). Let t(c) = a*l(c) + 5*j(c). What is t(1)?
6
Let u be (-1)/(-1*1/1). Let d(h) = -8 + 8 - 2*h + 6*h**2 + 0*h + 1. What is d(u)?
5
Let j(m) be the third derivative of -m**5/60 - 7*m**4/24 + m**3/6 - 2*m**2. Let z be (-1 - -1) + (-123)/41. Give j(z).
13
Let g(y) be the third derivative of y**4/24 + 5*y**2. What is g(-1)?
-1
Suppose 4*n - 5*t + 8 = 0, 4*n - 4*t + 0*t = -8. Let c be -6 + 6 + 2*n. Let u(f) = -f - 9. Calculate u(c).
-5
Let u(y) = -y**2 + 10*y + 3. Let a(j) = -j**2 + 9*j + 3. Let f(i) = 5*a(i) - 4*u(i). Calculate f(5).
3
Suppose -4 + 0 = -4*o - 4*k, -8 = o + 4*k. Let r be -1 + 0 - (-4 - 3). Let h(s) = 5*s + 0*s - r - 2*s. Calculate h(o).
6
Let d(l) = -3*l. Let y(n) = n. Let v(o) = d(o) + 2*y(o). Let m(j) = -j + 3. Let r = -5 - -4. Let s(u) = r*m(u) + 6*v(u). Give s(-2).
7
Let n = 0 - -4. Let h(u) = u**3 + 4*u**2 - 2*u - 6. Let i be h(-4). Let j(c) = 5*c - c**i + n - 4. Determine j(3).
6
Suppose 1 = -3*v + 4*i, 2*v = 2*i - 2 - 0. Let z(l) = -l**2 + l. Let g(u) = 3*u + u**3 - 5*u**2 - 7 + 1 - 3*u**2. Let m(b) = v*z(b) + g(b). Give m(5).
-6
Let l(i) = 2*i - 1. Let d(x) = -x**3 - 6*x**2 + 5*x - 11. Let h be d(-7). Determine l(h).
5
Let q(o) be the first derivative of o**4/2 - o**3/3 + o**2 - o + 5. Determine q(1).
2
Let g = 14 - 11. Let p(h) = h**g + 0*h + h - 6*h**2 - h. Determine p(6).
0
Let i(y) be the third derivative of 0*y + 2*y**2 - 1/15*y**5 + 0*y**4 + 0 + 1/6*y**3. Give i(-1).
-3
Let j(o) = o**3 - o**2 - o - 5. Let f be 0/(1 - 7)*1. Give j(f).
-5
Let l(g) = -14*g - 18. Let d(o) = -5*o - 6. Let w(u) = -11*d(u) + 4*l(u). What is w(0)?
-6
Let h(w) = 5*w + 8 + 2 + 0 - 6*w. Give h(11).
-1
Suppose -25 = -3*x + 35. Let g = x + -14. Suppose -g*o - 15 = -o. Let w(h) = -h**3 - 3*h**2 + h + 3. Calculate w(o).
0
Let s(p) = p**2 - 8*p + 3. Let h be s(4). Let o be h/(-6) + (-1)/6. Let l(b) = -b**2 + 5*b - 1. Give l(o).
5
Let y(u) = 5*u**2 + 16*u - 4. Let l(x) be the second derivative of x**4/6 + 5*x**3/6 - x**2/2 + x. Let d(o) = 8*l(o) - 3*y(o). What is d(4)?
-12
Let y(u) be the third derivative of -u**4/12 + u**3 - 6*u**2. Give y(6).
-6
Let m = 10 + -14. Let d(i) = -i. Let b(n) = -6*n + 2. Let q(s) = b(s) - 8*d(s). Calculate q(m).
-6
Let h(v) = -4 - 187*v + 183*v + 9. Determine h(5).
-15
Let j(q) = -2*q - 2 - q**3 - 90*q**2 + 51*q**2 + 44*q**2. What is j(5)?
-12
Let m(o) be the second derivative of -o**5/20 + 5*o**4/12 - o**3/2 - 3*o**2/2 - 2*o. Suppose -4*q + 2*b + 4 + 4 = 0, -2*b = -2*q. What is m(q)?
1
Let a(g) = -4*g - 7. Let y(k) = 5*k + 8. Let l(f) = -6*a(f) - 5*y(f). Calculate l(2).
0
Let q(o) = -o + 8. Let b = 22 + -16. Determine q(b).
2
Let s(d) = -d**3 + d**2 - d - 2. Let h be s(2). Let a be 28/h*(-4)/7. Let c(y) = -2*y - 1. Give c(a).
-5
Suppose -6*j + 2*j - 2*x - 60 = 0, 5*x - 58 = 3*j. Let c = j + 23. Let m(v) = -c*v + 2 + v**2 - 4 + 1 + 2*v. Determine m(5).
-1
Let u(h) = -h**3 + h**2 + 4*h + 4. Let r be u(-2). Let a(g) = g**2 - 10*g + 7. Give a(r).
-9
Let b(y) be the third derivative of -y**5/30 - 5*y**4/24 - y**3/2 + y**2. Let g = 14 - 7. Let q = -10 + g. Determine b(q).
-6
Let z(w) = 3 + w**2 + w - w + 6*w. Suppose 7*q - 5*q = 20. Suppose 3*n - q + 25 = 0. Determine z(n).
-2
Let j(m) = -m**2 + 6*m + 5. Let q be j(8). Let w = -8 - q. Let o(n) = -10*n**2 + 9*n. Let z(s) = -3*s**2 + 3*s. Let x(f) = -2*o(f) + 7*z(f). What is x(w)?
0
Let b(n) = 5*n**2 + 2*n - 1. Let d be b(-2). Suppose -6*o = -o - d. Let z = -6 + o. Let x(l) = l**3 + 2*l**2 - 4*l + 1. What is x(z)?
4
Let d = -5 + 10. Let u(f) = -7*f + 1. Suppose 0 = q + 5*t + 27, -2*t - 2*t - 37 = 3*q. Let i(a) = 8*a. Let g(k) = q*u(k) - 6*i(k). Determine g(d).
-2
Let d(n) = n**3 - 5*n**2 + n + 3. Let q(f) = 11*f**2 + 14 + 4*f**2 + 0*f**2 + f**3 - 3*f**2 + 12*f. Let b be q(-11). What is d(b)?
-12
Let v(h) be the second derivative of h**3/6 + h**2 - 15*h. Give v(6).
8
Let l(q) = 3*q + 4. Let k = -28 + 25. Calculate l(k).
-5
Suppose -u - 4 = u, 5*s - 26 = 3*u. Let c be 4/(-6) - 4/(-6). Let l(g) = -2*g + c - g + 2*g - 1. Calculate l(s).
-5
Let g(d) = 2*d + 2. Let k(f) = -2*f - 2. Let v(u) = 3*g(u) + 4*k(u). Let n be v(1). Let r(x) = x**3 + 5*x**2 + x - 5. What is r(n)?
7
Let z(t) = -2*t + 9. Let p be z(6). Let i = -1 - p. Suppose i = 4*d - 6. Let g(w) = -w**3 + w + 1. Calculate g(d).
-5
Suppose 2 = 18*q - 19*q. Let j(p) = 7*p - 2. Give j(q).
-16
Let k(f) = -f - 1. Suppose 5*d - 5*b - 8 = -3, b = -4*d - 1. Let n(c) = -4*c - 3*c + 0 - 6 + d*c. Let l(a) = -4*k(a) + n(a). Determine l(-3).
7
Let t be (1*-1)/((18/(-9))/(-12)). Let h(l) = -9*l**2 - 3*l + 9. Let d(o) = 5*o**2 + o - 5. Let p(j) = -7*d(j) - 4*h(j). Give p(t).
5
Let b(y) = -4 + 5 - 5 - 2 - 2*y. Determine b(-5).
4
Let o be 3 - (-9)/(-4 + 1). Let m(i) = i**2 - i - 3. What is m(o)?
